3
Let h be (2/(-6))/(2/(-42)). Suppose -4*l + 97 + 11 = 0. Let w = l - h. List the prime factors of w.
2, 5
Suppose -4*f = -4*j + 2*j + 4, 0 = -5*j + 10. Suppose -3*h + 9 + 24 = f. What are the prime factors of h?
11
Let z(u) = -u + 8. Let q be z(6). Let n be (q/5)/(4/20). List the prime factors of ((2 - 8)*n)/(-1).
2, 3
Let y be -1*(0 + -1) - -1. Suppose 3*u = u - 5*l - 12, 0 = -4*u + 3*l + y. List the prime factors of 20/((-2)/(-1)) - u.
11
Let j(r) = -r**2 - 12*r - 13. Let u = -14 + 5. List the prime factors of j(u).
2, 7
Suppose -5*l = -15*l + 1030. List the prime factors of l.
103
Let w(h) = -10*h - 3. Suppose 2*u = -u - 6. Let z be w(u). Suppose 4*y - 38 = p, -y + 5*p = -4*y + z. What are the prime factors of y?
3
Suppose -41 = -p - 0. List the prime factors of p.
41
Let l = 268 + -474. List the prime factors of l/(-8) + (-2)/(-8).
2, 13
List the prime factors of (-27)/45 + 68/5.
13
List the prime factors of -17 - -18 - (-147 + (2 - 2)).
2, 37
Let o(b) = -b**3 - 7*b**2 - 7*b - 3. Let z be o(-6). Suppose 0*l - 12 = z*l. List the prime factors of (-2)/3*30/l.
5
Let a be 54/(-5)*20/6. What are the prime factors of (-1215)/a - 1/(-4)?
2, 17
Let i = -154 - -223. What are the prime factors of i?
3, 23
Suppose 0 = -c + 4*x - 2, 0 = 3*c + 4*x - 5*x - 38. List the prime factors of c.
2, 7
Let m(i) be the third derivative of -7*i**6/30 + i**5/60 + i**4/24 + 10*i**2. What are the prime factors of m(-1)?
2, 7
Suppose o = 3*o - 3*r - 153, -66 = -o - 2*r. List the prime factors of o.
2, 3
Let u(q) = q + 1. Let b be u(6). Suppose b - 4 = y. Suppose -n = 0, y*l + 2*l = n + 35. List the prime factors of l.
7
Suppose 4*o = -3*y - 21, -2*y + o - 5 = -2. Let d be (8/(-6) - -1)*y. Let n = 11 - d. List the prime factors of n.
2, 5
Suppose 0 = -6*v + 9*v - 252. What are the prime factors of v?
2, 3, 7
Let r(y) = -y**2 + 6*y - 6. Let v be r(5). Let s = v + 1. Suppose s + 24 = 2*z. What are the prime factors of z?
2, 3
Let c = -28 - -14. Let i = c - -24. List the prime factors of i.
2, 5
Suppose b + 232 = 5*b. Let t = -27 + b. What are the prime factors of t?
31
Suppose -2*k - 10 = -4*k. Let u = 4 + k. List the prime factors of u.
3
Let n(z) = z**2 + z + 13. Let v = 5 - 5. List the prime factors of n(v).
13
Suppose 21 = z + 2*z. Suppose 10 = -5*w, 3*x - z*x = 2*w - 136. List the prime factors of x.
5, 7
Let d(i) = i**3 + 4*i**2 + 3*i + 1. Let c be d(-2). Suppose -959 = 4*n - 3*m, 0*m + 3*m + 693 = -c*n. List the prime factors of (-2)/3 - n/12.
19
Suppose 4*o - 5*k - 1978 = -309, -830 = -2*o + 4*k. List the prime factors of o.
421
What are the prime factors of (2 - 7)/(-5)*131?
131
Let g(i) = -6*i - 2. Let a be g(-4). What are the prime factors of (-9)/(2 - a/8)?
2, 3
Let w(v) = -v - 18. Let k(f) = f + 9. Let z(c) = 5*k(c) + 3*w(c). Let q = 9 + -3. List the prime factors of z(q).
3
Let h(z) = 2*z**2 + 8*z - 3. Let d be (9/3)/((-6)/14). What are the prime factors of h(d)?
3, 13
Let t(z) = -24*z + 10. List the prime factors of t(-17).
2, 11, 19
Let d(w) = -w + 9. Let y be d(7). Suppose -5*r = 3*m - 38, r + r + 20 = y*m. What are the prime factors of m?
11
Suppose -i = -2*r - 2*i + 582, 0 = 2*r - 2*i - 570. List the prime factors of r.
17
What are the prime factors of (-335)/(-4) + -2 + (-2)/(-8)?
2, 41
List the prime factors of (-2)/(-12) + (-170)/(-60).
3
Suppose -3*k = -3, -4*k - 205 = -3*h - 2*k. List the prime factors of h.
3, 23
What are the prime factors of 89946/247 + (-4)/26?
2, 7, 13
Suppose 0 = -3*q - q + 20. Let k(p) = -p**3 + 6*p**2 + p - 5. List the prime factors of k(q).
5
Suppose 1008 = 3*i + i. Suppose -l = 3*l + i. List the prime factors of l/(-12)*8/3.
2, 7
Let b be 1/3*(-3 + 18). Suppose b*l - 6*p + 2*p = 45, -4*l = -3*p - 35. List the prime factors of l.
5
What are the prime factors of 230 + 10 - (-4 - -1)?
3
Suppose g - 27 - 5 = 0. Suppose -5*u + 8 = -g. What are the prime factors of u?
2
Let a(r) = r**2 + 4*r - 7. Let v be a(-8). Let h be (-8)/10*v/(-10). Suppose -g + 12 = h*g. List the prime factors of g.
2
Suppose u + x + 22 = 3*u, 0 = -4*u - 3*x + 54. Let k = -1 + u. List the prime factors of k.
11
Let x(f) = 4*f - 13. Suppose 3*v = 2*v + 11. List the prime factors of x(v).
31
Let i = -4 - -6. Let c be (-44)/(-2) + i*-1. Suppose s + 8 = -2*l, 5*s = 2*l - 0*l + c. List the prime factors of s.
2
Let l = 182 + -102. Let g be (6/8)/(4/l). Suppose -4*b + g = -b. List the prime factors of b.
5
Let q(t) = -t - 5. Let d be q(-7). Suppose 3*m + 5 = -4*j + d*j, 2*j + m - 5 = 0. List the prime factors of j.
5
Let a(h) = -h + 6. Let v(s) = 6. Let d(u) = -4*a(u) + 6*v(u). Let m be d(9). Suppose m = 5*c - c. What are the prime factors of c?
2, 3
Let o = 258 - 133. List the prime factors of o.
5
Let m(k) = -k**3 + k**2 - k + 1. Let z(h) = 6*h**3 + 3*h**2 + 13*h - 11. Let s(w) = 5*m(w) + z(w). List the prime factors of s(-6).
2, 3
Let i = 10 - 8. Let j be 6/(i/((-12)/(-9))). Suppose -j*a - c + 74 = c, -a + 5*c = -35. List the prime factors of a.
2, 5
Suppose -2*v + 5*v - 9 = 0, 4*k + 2*v = 30. Let l = -3 + k. Suppose -l*h - 4*p + 48 = h, 2*h - 45 = 5*p. What are the prime factors of h?
3, 5
Let p(x) = 7*x**2 + x + 1. Let l be p(3). Suppose 4*u = l - 15. List the prime factors of u.
13
Suppose 3*i + 14 = 4*a, -5*i + 4*a - 31 = -5. What are the prime factors of (-64)/i - 3/(-9)?
11
Let k = 38 - 19. List the prime factors of 0 + -2 + k + -9.
2
Suppose -4*g - 25 = -1. List the prime factors of (9 + g)*(-1 + 6).
3, 5
What are the prime factors of 200/3 - (-4)/(13 + -1)?
67
Let z(t) = 5*t - 23. What are the prime factors of z(16)?
3, 19
Let j(y) = y**3 + 14*y**2 + 13*y + 10. Let z be j(-13). Let i be (-5)/z*0/(-2). Suppose -2*b + 3 + 3 = i. List the prime factors of b.
3
Let k(l) = l**2 - 2*l + 7. List the prime factors of k(5).
2, 11
Let h(g) = 10*g - 1. Let r = -8 - -18. Let m be (-6)/(-10) + 4/r. List the prime factors of h(m).
3
Suppose 0 = 2*z - 9*z + 819. List the prime factors of z.
3, 13
Suppose -s - 278 = -5*h - 2*s, -5*h + 287 = 4*s. List the prime factors of h.
5, 11
List the prime factors of (-4)/5 + 1228/10.
2, 61
Let q(x) = -x + 8. Suppose 5 = -n + 1, -20 = -2*p + 5*n. Let j be (p + -1)*24/(-4). What are the prime factors of q(j)?
2
Let s(m) = -m**2 + 7*m + 7. Let p(q) = -q**2 + 4*q + 2. Let l be p(4). Suppose -f - 4*f - 17 = -l*w, 0 = -2*f - 2. List the prime factors of s(w).
13
Suppose 4*v - 2*u = -6 - 6, 0 = -4*u + 16. Let n be -1*(-1)/(v/(-4)). Suppose 2*y = l + 1 + 10, n*y + 2*l - 2 = 0. What are the prime factors of y?
3
Let b(f) = -f**2 - 12*f - 10. Let w = -18 - -11. List the prime factors of b(w).
5
Suppose 4*r = 5*l + 2*r + 47, 3*l - 3*r = -21. Let a = l + 23. List the prime factors of a.
2, 3
Let m(n) = -n**2 + 5*n. Let f be m(5). Let v(h) = f*h + 3*h**2 + 2 + h + h. What are the prime factors of v(-2)?
2, 5
Suppose r + 0*r - 33 = 0. What are the prime factors of r?
3, 11
Suppose -8*l + 3*l - 50 = 0. Let d = l + 15. What are the prime factors of d?
5
Suppose 5 = -4*v - 3*j, 5*j - 3 + 14 = -4*v. Let k(m) = 6*m - 1. List the prime factors of k(v).
5
Let z(l) = l + 9. Let a be z(-7). Suppose 0 = -a*q + 58 + 46. List the prime factors of q.
2, 13
Let w = -18 + 43. What are the prime factors of w?
5
Suppose -2*t + 5*f + 75 = 0, 4*f + 44 = -5*t + 182. Suppose 5*i = t + 30. List the prime factors of i.
2, 3
Suppose h = 3*h - 40. Suppose 5*g - h + 105 = 0. Let m = g - -28. What are the prime factors of m?
11
List the prime factors of 610/15*3/(-6)*-3.
61
Let z(o) = o**2 + 2*o - 5. Let q(n) = -n - 1. Let j(u) = 2*q(u) - 2*z(u). Let y be j(-6). Let r = y - -47. What are the prime factors of r?
19
What are the prime factors of (-760)/(-10) + -3 + -1?
2, 3
Let l(a) = a**3 + 4*a**2 + 2*a. Suppose 14 - 4 = 5*k. Suppose 0 = -k*w - 3*w + 2*h - 16, 0 = 3*w + 3*h - 3. What are the prime factors of l(w)?
2
Suppose -f + 6 = 1. Let w(p) = p + 3 + 9 - 8. What are the prime factors of w(f)?
3
Suppose -96 + 9 = -3*v. Suppose -28 = -5*t + t + 4*o, -5*t + 2*o + v = 0. Suppose b = -3*u + 4, -t*b = -u - 60 + 8. What are the prime factors of b?
2, 5
Let c(x) = -x**2 - 8*x + 5. Let o be c(-8). Let n = o + 17. Let y = n - 3. List the prime factors of y.
19
Let f(t) = 20*t**2 + t - 2. What are the prime factors of f(3)?
181
Let x be 8/(-28) - (-1382)/(-14). Let j 